{"id":40,"date":"2025-08-21T15:06:08","date_gmt":"2025-08-21T13:06:08","guid":{"rendered":"https:\/\/wpschulung-20.4lima.de\/?page_id=40"},"modified":"2025-08-21T15:29:35","modified_gmt":"2025-08-21T13:29:35","slug":"startseite","status":"publish","type":"page","link":"https:\/\/wpschulung-20.4lima.de\/","title":{"rendered":"Startseite"},"content":{"rendered":"\t\t\t\t\t<div\n\t\t\t\t\t\tclass=\"wp-block-uagb-image-gallery uagb-block-d4787f90     \"\n\t\t\t\t\t\tstyle=\"\"\n\t\t\t\t\t>\n\t\t\t\t\t\t\t\t\t\t\t<div class=\"spectra-image-gallery spectra-image-gallery__layout--grid spectra-image-gallery__layout--grid-col-3 spectra-image-gallery__layout--grid-col-tab-3 spectra-image-gallery__layout--grid-col-mob-2\">\n\t\t\t\t\t\t\t\t\t\t\t<div class='spectra-image-gallery__media-wrapper' data-spectra-gallery-image-id='29' tabindex=\"0\">\n\t\t\t\t\t\t\t<div class=\"spectra-image-gallery__media spectra-image-gallery__media--grid\">\n\t\t\t\t<picture>\n\t\t\t\t\t<source media=\"(min-width: 1024px)\" srcset=\"https:\/\/wpschulung-20.4lima.de\/wp-content\/uploads\/2025\/08\/pexels-mali-54256-1024x680.jpg\">\n\t\t\t\t\t<source media=\"(min-width: 768px)\" srcset=\"https:\/\/wpschulung-20.4lima.de\/wp-content\/uploads\/2025\/08\/pexels-mali-54256-1024x680.jpg\">\n\t\t\t\t\t<img decoding=\"async\" class=\"spectra-image-gallery__media-thumbnail spectra-image-gallery__media-thumbnail--grid\" src=\"https:\/\/wpschulung-20.4lima.de\/wp-content\/uploads\/2025\/08\/pexels-mali-54256-300x199.jpg\" alt=\"\" loading=\"lazy\" \/>\n\t\t\t\t<\/picture>\n\t\t\t\t<div class=\"spectra-image-gallery__media-thumbnail-blurrer\"><\/div>\n\t\t\t\t\t\t\t\t\t\t\t<div class=\"spectra-image-gallery__media-thumbnail-caption-wrapper spectra-image-gallery__media-thumbnail-caption-wrapper--overlay\">\n\t\t\t\t\t\t\t\t\t\t\t<div class=\"spectra-image-gallery__media-thumbnail-caption spectra-image-gallery__media-thumbnail-caption--overlay\">\n\t\t\t\t\tTitel #1\t\t\t\t<\/div>\n\t\t\t\t\t\t\t\t\t\t<\/div>\n\t\t\t\t\t\t\t\t\t<\/div>\n\t\t\t\t\t\t<\/div>\n\t\t\t\t\t\t<div class='spectra-image-gallery__media-wrapper' data-spectra-gallery-image-id='22' tabindex=\"0\">\n\t\t\t\t\t\t\t<div class=\"spectra-image-gallery__media spectra-image-gallery__media--grid\">\n\t\t\t\t<picture>\n\t\t\t\t\t<source media=\"(min-width: 1024px)\" srcset=\"https:\/\/wpschulung-20.4lima.de\/wp-content\/uploads\/2025\/08\/pexels-alyona-nagel-1468385055-33445835-683x1024.jpg\">\n\t\t\t\t\t<source media=\"(min-width: 768px)\" srcset=\"https:\/\/wpschulung-20.4lima.de\/wp-content\/uploads\/2025\/08\/pexels-alyona-nagel-1468385055-33445835-683x1024.jpg\">\n\t\t\t\t\t<img decoding=\"async\" class=\"spectra-image-gallery__media-thumbnail spectra-image-gallery__media-thumbnail--grid\" src=\"https:\/\/wpschulung-20.4lima.de\/wp-content\/uploads\/2025\/08\/pexels-alyona-nagel-1468385055-33445835-200x300.jpg\" alt=\"\" loading=\"lazy\" \/>\n\t\t\t\t<\/picture>\n\t\t\t\t<div class=\"spectra-image-gallery__media-thumbnail-blurrer\"><\/div>\n\t\t\t\t\t\t\t\t\t\t\t<div class=\"spectra-image-gallery__media-thumbnail-caption-wrapper spectra-image-gallery__media-thumbnail-caption-wrapper--overlay\">\n\t\t\t\t\t\t\t\t\t\t\t<div class=\"spectra-image-gallery__media-thumbnail-caption spectra-image-gallery__media-thumbnail-caption--overlay\">\n\t\t\t\t\tTitel #1\t\t\t\t<\/div>\n\t\t\t\t\t\t\t\t\t\t<\/div>\n\t\t\t\t\t\t\t\t\t<\/div>\n\t\t\t\t\t\t<\/div>\n\t\t\t\t\t\t\t\t\t\t<\/div>\n\t\t\t\t\t\t\t\t\t\t\t\t\t\t\t\t\t\t<\/div>\n\t\t\t\t\t\t\t\t\t\t\t<div class='spectra-image-gallery__control-lightbox' tabindex='0'>\n\t\t\t\t\t\t\t\t\t\t\t<div class=\"swiper spectra-image-gallery__control-lightbox--main\" dir=\"\">\n\t\t\t\t\t<div class=\"swiper-wrapper\">\n\t\t\t\t\t\t\t\t\t\t\t\t\t\n\t\t\t\t\t\t\t<div class=\"swiper-slide\">\n\t\t\t\t\t\t\t\t<img class=\"swiper-lazy\" data-src=\"https:\/\/wpschulung-20.4lima.de\/wp-content\/uploads\/2025\/08\/pexels-mali-54256-scaled.jpg\" alt=\"\"\/>\n\t\t\t\t\t\t\t\t<div class=\"swiper-lazy-preloader swiper-lazy-preloader-white\"><\/div>\n\t\t\t\t\t\t\t\t\t\t\t\t\t\t\t\t\t<div class=\"spectra-image-gallery__control-lightbox--caption\" data-spectra-gallery-image-id='29'>\n\t\t\t\t\t\t\t\t\t\tTitel #1\t\t\t\t\t\t\t\t\t<\/div>\n\t\t\t\t\t\t\t\t\t\t\t\t\t\t\t<\/div>\n\t\t\t\t\t\t\t\t\t\t\t\t\t\n\t\t\t\t\t\t\t<div class=\"swiper-slide\">\n\t\t\t\t\t\t\t\t<img class=\"swiper-lazy\" data-src=\"https:\/\/wpschulung-20.4lima.de\/wp-content\/uploads\/2025\/08\/pexels-alyona-nagel-1468385055-33445835-scaled.jpg\" alt=\"\"\/>\n\t\t\t\t\t\t\t\t<div class=\"swiper-lazy-preloader swiper-lazy-preloader-white\"><\/div>\n\t\t\t\t\t\t\t\t\t\t\t\t\t\t\t\t\t<div class=\"spectra-image-gallery__control-lightbox--caption\" data-spectra-gallery-image-id='22'>\n\t\t\t\t\t\t\t\t\t\tTitel #1\t\t\t\t\t\t\t\t\t<\/div>\n\t\t\t\t\t\t\t\t\t\t\t\t\t\t\t<\/div>\n\t\t\t\t\t\t\t\t\t\t\t<\/div>\n\t\t\t\t\t<div class=\"swiper-button-next\"><\/div>\n\t\t\t\t\t<div class=\"swiper-button-prev\"><\/div>\n\t\t\t\t<\/div>\t\t\t\n\t\t\t\t\t\t\t\t\t\t\t\t\t\t\t\t\t\t\t\t\t\t\t\t\t\t\t\t\t\t\t\t<button class='spectra-image-gallery__control-lightbox--close' aria-label=\"Close\">\n\t\t\t\t\t\t\t\t\t\t\t\t\t<svg xmlns=\"https:\/\/www.w3.org\/2000\/svg\" viewBox= \"0 0 320 512\"><path d=\"M310.6 361.4c12.5 12.5 12.5 32.75 0 45.25C304.4 412.9 296.2 416 288 416s-16.38-3.125-22.62-9.375L160 301.3L54.63 406.6C48.38 412.9 40.19 416 32 416S15.63 412.9 9.375 406.6c-12.5-12.5-12.5-32.75 0-45.25l105.4-105.4L9.375 150.6c-12.5-12.5-12.5-32.75 0-45.25s32.75-12.5 45.25 0L160 210.8l105.4-105.4c12.5-12.5 32.75-12.5 45.25 0s12.5 32.75 0 45.25l-105.4 105.4L310.6 361.4z\"><\/path><\/svg>\n\t\t\t\t\t\t\t\t\t\t\t\t<\/button>\n\t\t\t\t\t\t\t\t\t\t\t\t\t<\/div>\n\t\t\t\t\t\t\t\t\t\n\n\n<figure class=\"wp-block-gallery has-nested-images columns-2 is-cropped wp-block-gallery-1 is-layout-flex wp-block-gallery-is-layout-flex\">\n<figure class=\"wp-block-image size-large\"><img loading=\"lazy\" decoding=\"async\" width=\"1024\" height=\"680\" data-id=\"29\" src=\"https:\/\/wpschulung-20.4lima.de\/wp-content\/uploads\/2025\/08\/pexels-mali-54256-1024x680.jpg\" alt=\"\" class=\"wp-image-29\" srcset=\"https:\/\/wpschulung-20.4lima.de\/wp-content\/uploads\/2025\/08\/pexels-mali-54256-1024x680.jpg 1024w, https:\/\/wpschulung-20.4lima.de\/wp-content\/uploads\/2025\/08\/pexels-mali-54256-300x199.jpg 300w, https:\/\/wpschulung-20.4lima.de\/wp-content\/uploads\/2025\/08\/pexels-mali-54256-768x510.jpg 768w, https:\/\/wpschulung-20.4lima.de\/wp-content\/uploads\/2025\/08\/pexels-mali-54256-1536x1020.jpg 1536w, https:\/\/wpschulung-20.4lima.de\/wp-content\/uploads\/2025\/08\/pexels-mali-54256-2048x1360.jpg 2048w\" sizes=\"auto, (max-width: 1024px) 100vw, 1024px\" \/><\/figure>\n\n\n\n<figure class=\"wp-block-image size-large\"><img loading=\"lazy\" decoding=\"async\" width=\"683\" height=\"1024\" data-id=\"22\" src=\"https:\/\/wpschulung-20.4lima.de\/wp-content\/uploads\/2025\/08\/pexels-alyona-nagel-1468385055-33445835-683x1024.jpg\" alt=\"\" class=\"wp-image-22\" srcset=\"https:\/\/wpschulung-20.4lima.de\/wp-content\/uploads\/2025\/08\/pexels-alyona-nagel-1468385055-33445835-683x1024.jpg 683w, https:\/\/wpschulung-20.4lima.de\/wp-content\/uploads\/2025\/08\/pexels-alyona-nagel-1468385055-33445835-200x300.jpg 200w, https:\/\/wpschulung-20.4lima.de\/wp-content\/uploads\/2025\/08\/pexels-alyona-nagel-1468385055-33445835-768x1152.jpg 768w, https:\/\/wpschulung-20.4lima.de\/wp-content\/uploads\/2025\/08\/pexels-alyona-nagel-1468385055-33445835-1024x1536.jpg 1024w, https:\/\/wpschulung-20.4lima.de\/wp-content\/uploads\/2025\/08\/pexels-alyona-nagel-1468385055-33445835-1365x2048.jpg 1365w, https:\/\/wpschulung-20.4lima.de\/wp-content\/uploads\/2025\/08\/pexels-alyona-nagel-1468385055-33445835-scaled.jpg 1707w\" sizes=\"auto, (max-width: 683px) 100vw, 683px\" \/><\/figure>\n<\/figure>\n\n\n\n<p>Dies ist ein Typoblindtext. An ihm kann man sehen, ob alle Buchstaben da sind und wie sie aussehen. Manchmal benutzt man Worte wie Hamburgefonts, Rafgenduks oder Handgloves, um Schriften zu testen. Manchmal S\u00e4tze, die alle Buchstaben des Alphabets enthalten &#8211; man nennt diese S\u00e4tze \u00bbPangrams\u00ab.<\/p>\n\n\n\n<p>Sehr bekannt ist dieser: The quick brown fox jumps over the lazy old dog. Oft werden in Typoblindtexte auch fremdsprachige Satzteile eingebaut (AVAIL\u00ae and Wefox\u2122 are testing aussi la Kerning), um die Wirkung in anderen Sprachen zu testen. In Lateinisch sieht zum Beispiel fast jede Schrift gut aus. Quod erat demonstrandum.<\/p>\n\n\n\n<p>Seit 1975 fehlen in den meisten Testtexten die Zahlen, weswegen nach TypoGb. 204 \u00a7 ab dem Jahr 2034 Zahlen in 86 der Texte zur Pflicht werden. Nichteinhaltung wird mit bis zu 245 \u20ac oder 368 $ bestraft. Genauso wichtig in sind mittlerweile auch \u00c2\u00e7c\u00e8\u00f1t\u00eb, die in neueren Schriften aber fast immer enthalten sind.<\/p>\n\n\n\n<p>Ein wichtiges aber schwierig zu integrierendes Feld sind OpenType-Funktionalit\u00e4ten. Je nach Software und Voreinstellungen k\u00f6nnen eingebaute Kapit\u00e4lchen, Kerning oder Ligaturen (sehr pfiffig) nicht richtig dargestellt werden. Dies ist ein Typoblindtext. An ihm kann man sehen, ob alle Buchstaben da sind und wie sie aussehen.<\/p>\n\n\n\n<p>Manchmal benutzt man Worte wie Hamburgefonts, Rafgenduks oder Handgloves, um Schriften zu testen. Manchmal S\u00e4tze, die alle Buchstaben des Alphabets enthalten &#8211; man nennt diese S\u00e4tze \u00bbPangrams\u00ab. Sehr bekannt ist dieser: The quick brown fox jumps over the lazy old dog. Oft werden in Typoblindtexte auch fremdsprachige Satzteile eingebaut (AVAIL\u00ae and Wefox\u2122 are testing aussi la Kerning), um die Wirkung in anderen Sprachen zu testen. In Lateinisch sieht zum Beispiel fast jede Schrift gut aus. Quod erat demonstrandum. Seit 1975 fehlen in den meisten Testtexten die Zahlen, weswegen nach TypoGb. 204 \u00a7 ab dem Jahr 2034 Zahlen in 86 der Texte zur Pflicht werden. Nichteinhaltung wird mit<\/p>\n","protected":false},"excerpt":{"rendered":"<p>Dies ist ein Typoblindtext. An ihm kann man sehen, ob alle Buchstaben da sind und wie sie aussehen. Manchmal benutzt man Worte wie Hamburgefonts, Rafgenduks oder Handgloves, um Schriften zu testen. Manchmal S\u00e4tze, die alle Buchstaben des Alphabets enthalten &#8211; man nennt diese S\u00e4tze \u00bbPangrams\u00ab. Sehr bekannt ist dieser: The quick brown fox jumps over [&hellip;]<\/p>\n","protected":false},"author":1,"featured_media":0,"parent":0,"menu_order":0,"comment_status":"closed","ping_status":"closed","template":"","meta":{"_uag_custom_page_level_css":"","footnotes":""},"class_list":["post-40","page","type-page","status-publish","hentry"],"uagb_featured_image_src":{"full":false,"thumbnail":false,"medium":false,"medium_large":false,"large":false,"1536x1536":false,"2048x2048":false},"uagb_author_info":{"display_name":"admin-wp20","author_link":"https:\/\/wpschulung-20.4lima.de\/?author=1"},"uagb_comment_info":0,"uagb_excerpt":"Dies ist ein Typoblindtext. An ihm kann man sehen, ob alle Buchstaben da sind und wie sie aussehen. Manchmal benutzt man Worte wie Hamburgefonts, Rafgenduks oder Handgloves, um Schriften zu testen. Manchmal S\u00e4tze, die alle Buchstaben des Alphabets enthalten &#8211; man nennt diese S\u00e4tze \u00bbPangrams\u00ab. Sehr bekannt ist dieser: The quick brown fox jumps over&hellip;","_links":{"self":[{"href":"https:\/\/wpschulung-20.4lima.de\/index.php?rest_route=\/wp\/v2\/pages\/40","targetHints":{"allow":["GET"]}}],"collection":[{"href":"https:\/\/wpschulung-20.4lima.de\/index.php?rest_route=\/wp\/v2\/pages"}],"about":[{"href":"https:\/\/wpschulung-20.4lima.de\/index.php?rest_route=\/wp\/v2\/types\/page"}],"author":[{"embeddable":true,"href":"https:\/\/wpschulung-20.4lima.de\/index.php?rest_route=\/wp\/v2\/users\/1"}],"replies":[{"embeddable":true,"href":"https:\/\/wpschulung-20.4lima.de\/index.php?rest_route=%2Fwp%2Fv2%2Fcomments&post=40"}],"version-history":[{"count":4,"href":"https:\/\/wpschulung-20.4lima.de\/index.php?rest_route=\/wp\/v2\/pages\/40\/revisions"}],"predecessor-version":[{"id":49,"href":"https:\/\/wpschulung-20.4lima.de\/index.php?rest_route=\/wp\/v2\/pages\/40\/revisions\/49"}],"wp:attachment":[{"href":"https:\/\/wpschulung-20.4lima.de\/index.php?rest_route=%2Fwp%2Fv2%2Fmedia&parent=40"}],"curies":[{"name":"wp","href":"https:\/\/api.w.org\/{rel}","templated":true}]}}